 1617876?
2, 3, 13, 3457
What are the prime factors of 152417?
152417
List the prime factors of 8989788.
2, 3, 749149
List the prime factors of 10963869.
3, 7, 163, 3203
List the prime factors of 2196209.
37, 59357
What are the prime factors of 681899?
681899
List the prime factors of 1426368.
2, 3, 17, 19, 23
List the prime factors of 2205941.
101, 21841
List the prime factors of 1407944.
2, 175993
What are the prime factors of 287280?
2, 3, 5, 7, 19
What are the prime factors of 153623?
153623
What are the prime factors of 436415?
5, 7, 37, 337
List the prime factors of 2498002.
2, 13, 29, 3313
List the prime factors of 40955.
5, 8191
What are the prime factors of 11833871?
7, 41, 41233
List the prime factors of 5774343.
3, 1924781
What are the prime factors of 1883704?
2, 41, 5743
List the prime factors of 1892916.
2, 3, 17, 1031
What are the prime factors of 335075?
5, 13, 1031
List the prime factors of 3507372.
2, 3, 11, 17, 521
What are the prime factors of 334990?
2, 5, 139, 241
What are the prime factors of 13827643?
31, 446053
What are the prime factors of 3457652?
2, 11, 78583
What are the prime factors of 9917349?
3, 13, 254291
List the prime factors of 165103.
165103
What are the prime factors of 845499?
3, 281833
List the prime factors of 75150.
2, 3, 5, 167
List the prime factors of 294495.
3, 5, 29, 677
What are the prime factors of 249340?
2, 5, 7, 13, 137
List the prime factors of 903965.
5, 180793
What are the prime factors of 36134293?
13, 2779561
List the prime factors of 799261.
853, 937
What are the prime factors of 1983017?
281, 7057
List the prime factors of 528311.
7, 71, 1063
List the prime factors of 1707645.
3, 5, 113843
List the prime factors of 284190.
2, 3, 5, 9473
List the prime factors of 1062246.
2, 3, 31, 5711
What are the prime factors of 551017?
551017
List the prime factors of 3952360.
2, 5, 98809
What are the prime factors of 299182?
2, 13, 37, 311
List the prime factors of 736804.
2, 167, 1103
What are the prime factors of 8101048?
2, 1012631
List the prime factors of 1277663.
719, 1777
What are the prime factors of 108593?
31, 113
What are the prime factors of 170158?
2, 149, 571
What are the prime factors of 6995882?
2, 73, 47917
What are the prime factors of 3098984?
2, 7, 55339
What are the prime factors of 4109180?
2, 5, 23, 8933
List the prime factors of 23684108.
2, 7, 19, 44519
What are the prime factors of 881285?
5, 43, 4099
What are the prime factors of 804490?
2, 5, 80449
List the prime factors of 9364724.
2, 67, 83, 421
List the prime factors of 289437.
3, 96479
List the prime factors of 5844036.
2, 3, 11, 44273
What are the prime factors of 14348456?
2, 1187, 1511
What are the prime factors of 463445?
5, 59, 1571
List the prime factors of 196582.
2, 227, 433
List the prime factors of 2896937.
41, 70657
List the prime factors of 397630.
2, 5, 17, 2339
What are the prime factors of 312854?
2, 19, 8233
List the prime factors of 115239.
3, 107, 359
List the prime factors of 4512015.
3, 5, 100267
List the prime factors of 1974341.
263, 7507
What are the prime factors of 26497770?
2, 3, 5, 13, 67943
What are the prime factors of 126014?
2, 7, 9001
What are the prime factors of 152839?
152839
List the prime factors of 4795174.
2, 2397587
What are the prime factors of 319611?
3, 106537
What are the prime factors of 151922?
2, 37, 2053
What are the prime factors of 515070?
2, 3, 5, 59, 97
What are the prime factors of 2371386?
2, 3, 395231
What are the prime factors of 397545?
3, 5, 17, 1559
List the prime factors of 665843.
665843
What are the prime factors of 53791?
53791
What are the prime factors of 772724?
2, 193181
List the prime factors of 1808256.
2, 3, 17, 277
What are the prime factors of 11896812?
2, 3, 19, 17393
What are the prime factors of 9220740?
2, 3, 5, 227, 677
What are the prime factors of 463828?
2, 17, 19, 359
List the prime factors of 754036.
2, 131, 1439
List the prime factors of 377331.
3, 125777
List the prime factors of 349521.
3, 116507
List the prime factors of 126753.
3, 11, 23, 167
What are the prime factors of 6827895?
3, 5, 23, 733
What are the prime factors of 113486?
2, 179, 317
List the prime factors of 9438196.
2, 17, 138797
What are the prime factors of 30396755?
5, 6079351
List the prime factors of 2112709.
17, 124277
List the prime factors of 16157812.
2, 11, 157, 2339
List the prime factors of 626004.
2, 3, 17389
What are the prime factors of 450896?
2, 28181
List the prime factors of 18805340.
2, 5, 29, 32423
List the prime factors of 327093.
3, 13, 8387
What are the prime factors of 145657?
113, 1289
List the prime factors of 135395.
5, 13, 2083
List the prime factors of 318878.
2, 7, 22777
What are the prime factors of 35906966?
2, 47, 381989
List the prime factors of 79930.
2, 5, 7993
List the prime factors of 122284.
2, 19, 1609
List the prime factors of 2786690.
2, 5, 191, 1459
List the prime factors of 99422.
2, 49711
List the prime factors of 75669.
3, 11, 2293
List the prime factors of 320820.
2, 3, 5, 5347
List the prime factors of 19135061.
11, 158141
List the prime factors of 407380.
2, 5, 20369
What are the prime factors of 186851?
7, 26693
List the prime factors of 2029347.
3, 75161
List the prime factors of 637756.
2, 7, 22777
List the prime factors of 465472.
2, 7, 1039
What are the prime factors of 2326822?
2, 83, 107, 131
List the prime factors of 569433.
3, 67, 2833
What are the prime factors of 530006?
2, 265003
List the prime factors of 17230230.
2, 3, 5, 191447
List the prime factors of 5359335.
3, 5, 17, 21017
List the prime factors of 1183126.
2, 7, 84509
List the prime factors of 4131877.
4131877
What are the prime factors of 451439?
451439
List the prime factors of 2649639.
3, 883213
List the prime factors of 5053456.
2, 131, 2411
What are the prime factors of 3260139?
3, 409, 2657
List the prime factors of 169293.
3, 56431
What are the prime factors of 610221?
3, 107, 1901
List the prime factors of 119746.
2, 11, 5443
What are the prime factors of 1092761?
71, 15391
List the prime factors of 127812.
2, 3, 10651
List the prime factors of 5967307.
397, 15031
What are the prime factors of 2341850?
2, 5, 7, 6691
What are the prime factors of 3284494?
2, 1642247
What are the prime factors of 2567054?
2, 7, 183361
What are the prime factors of 8637821?
8637821
What are the prime factors of 960319?
23, 43, 971
What are the prime factors of 176546?
2, 41, 2153
What are the prime factors of 2988355?
5, 597671
List the prime factors of 1047507.
3, 37, 9437
What are the prime factors of 5385?
3, 5, 359
List the prime factors of 1281159.
3, 11, 12941
List the prime factors of 3136691.
19, 165089
What are the prime factors of 1974063?
3, 7, 13, 1033
List the prime factors of 11364.
2, 3, 947
What are the prime factors of 1573567?
1193, 1319
List the prime factors of 6149475.
3, 5, 151, 181
List the prime factors of 14891.
14891
List the prime factors of 182857.
182857
List the prime factors of 211064.
2, 7, 3769
What are the prime factors of 5809866?
2, 3, 968311
What are the prime factors of 237309?
3, 79103
List the prime factors of 9849483.
3, 7, 79, 1979
List the prime factors of 42370023.
3, 281, 50261
List the prime factors of 18338615.
5, 3667723
What are the prime factors of 11724773?
11724773
List the prime factors of 1432412.
2, 358103
What are the prime factors of 3995636?
2, 998909
What are the prime factors of 206561?
67, 3083
What are the prime factors of 4021600?
2, 5, 11, 457
List the prime factors of 159574.
2, 23, 3469
What are the prime factors of 2979917?
2979917
List the prime factors of 1555948.
2, 19, 59, 347
List the prime factors of 14364057.
3, 19, 252001
List the prime factors of 20707609.
13, 61, 26113
What are the prime factors of 5491608?
2, 3, 19, 12043
What are the prime factors of 954374?
2, 139, 3433
What are the prime factors of 72180?
2, 3, 5, 401
List the prime factors of 747256.
2, 93407
List the prime factors of 65632.
2, 7, 293
What are the prime factors of 2804818?
2, 19, 31, 2381
List the prime factors of 81651.
3, 17, 1601
What are the prime factors of 4265852?
2, 61, 17483
What are the prime factors of 10065467?
23, 437629
List the prime factors of 11315026.
2, 5657513
List the prime factors of 23